00424559?
5
What is the millions digit of 1436426540?
6
What is the units digit of 1241451181?
1
What is the thousands digit of 294422914?
2
What is the millions digit of 4897588069?
7
What is the millions digit of 254732593?
4
What is the billions digit of 3969724535?
3
What is the tens digit of 44557770?
7
What is the hundred thousands digit of 1562918050?
9
What is the thousands digit of 2030696332?
6
What is the ten thousands digit of 377238408?
3
What is the thousands digit of 755521055?
1
What is the ten thousands digit of 280378158?
7
What is the thousands digit of 446746901?
6
What is the hundreds digit of 663473072?
0
What is the hundred millions digit of 1905848794?
9
What is the ten thousands digit of 436130731?
3
What is the hundred thousands digit of 168043015?
0
What is the billions digit of 1164815306?
1
What is the thousands digit of 15218575?
8
What is the ten millions digit of 6885182846?
8
What is the ten thousands digit of 3095702586?
0
What is the tens digit of 982423333?
3
What is the ten thousands digit of 29689907?
8
What is the hundreds digit of 119711440?
4
What is the units digit of 193216586?
6
What is the thousands digit of 163572725?
2
What is the ten millions digit of 3859771806?
5
What is the hundreds digit of 133755940?
9
What is the ten millions digit of 1965975214?
6
What is the millions digit of 66605638?
6
What is the ten thousands digit of 3055315813?
1
What is the thousands digit of 154308910?
8
What is the hundred thousands digit of 294100101?
1
What is the ten millions digit of 483955632?
8
What is the hundred thousands digit of 1284256334?
2
What is the thousands digit of 1123782349?
2
What is the tens digit of 88599300?
0
What is the ten millions digit of 61497227?
6
What is the units digit of 1243945129?
9
What is the hundreds digit of 636584513?
5
What is the tens digit of 357098954?
5
What is the tens digit of 49263845?
4
What is the ten thousands digit of 715388510?
8
What is the ten millions digit of 667388091?
6
What is the millions digit of 384610244?
4
What is the millions digit of 42331782?
2
What is the units digit of 172306078?
8
What is the hundreds digit of 290990702?
7
What is the billions digit of 6693216402?
6
What is the ten thousands digit of 118400858?
0
What is the thousands digit of 1048333298?
3
What is the tens digit of 1934903120?
2
What is the units digit of 3047643430?
0
What is the millions digit of 425343979?
5
What is the hundreds digit of 141404675?
6
What is the ten thousands digit of 29996745?
9
What is the millions digit of 6117770254?
7
What is the hundreds digit of 17919737?
7
What is the tens digit of 5281309531?
3
What is the hundred thousands digit of 8214441937?
4
What is the ten millions digit of 45668447?
4
What is the tens digit of 5163394239?
3
What is the millions digit of 18762677?
8
What is the hundred thousands digit of 6553381?
5
What is the tens digit of 119033181?
8
What is the ten thousands digit of 161691831?
9
What is the units digit of 228482980?
0
What is the units digit of 15061192?
2
What is the ten thousands digit of 51099411?
9
What is the tens digit of 421515314?
1
What is the hundred millions digit of 1108646374?
1
What is the millions digit of 40355626?
0
What is the ten thousands digit of 2822122975?
2
What is the hundreds digit of 323915968?
9
What is the ten thousands digit of 341513427?
1
What is the units digit of 2186059879?
9
What is the units digit of 150816205?
5
What is the hundreds digit of 41996756?
7
What is the billions digit of 1575635545?
1
What is the thousands digit of 2461763012?
3
What is the units digit of 1018920809?
9
What is the ten thousands digit of 4792687448?
8
What is the hundred millions digit of 2676423835?
6
What is the thousands digit of 135552854?
2
What is the millions digit of 308582749?
8
What is the millions digit of 1239544154?
9
What is the tens digit of 951595064?
6
What is the tens digit of 112192858?
5
What is the ten thousands digit of 4579359889?
5
What is the hundreds digit of 350349318?
3
What is the thousands digit of 323106991?
6
What is the thousands digit of 761670400?
0
What is the thousands digit of 311294749?
4
What is the millions digit of 2090784541?
0
What is the tens digit of 7646085?
8
What is the hundred thousands digit of 329667865?
6
What is the ten thousands digit of 3319276462?
7
What is the hundred thousands digit of 76796829?
7
What is the ten millions digit of 119393406?
1
What is the units digit of 1766511803?
3
What is the hundred millions digit of 201395769?
2
What is the ten thousands digit of 16995078?
9
What is the ten millions digit of 214038092?
1
What is the ten millions digit of 25913118?
2
What is the ten millions digit of 698407753?
9
What is the hundreds digit of 8366862?
8
What is the hundreds digit of 26302892?
8
What is the millions digit of 40847941?
0
What is the ten thousands digit of 158368769?
6
What is the hundred thousands digit of 291665491?
6
What is the units digit of 526367?
7
What is the hundreds digit of 59945717?
7
What is the units digit of 226958551?
1
What is the units digit of 19404998?
8
What is the units digit of 184586117?
7
What is the ten thousands digit of 69812870?
1
What is the units digit of 97564599?
9
What is the hundred thousands digit of 3500273?
5
What is the tens digit of 33692817?
1
What is the ten millions digit of 917471899?
1
What is the millions digit of 28781154?
8
What is the hundred millions digit of 1518188147?
5
What is the hundred thousands digit of 7242945240?
9
What is the millions digit of 134223213?
4
What is the millions digit of 31292615?
1
What is the hundred thousands digit of 85790869?
7
What is the thousands digit of 31549183?
9
What is the billions digit of 1768217964?
1
What is the thousands digit of 13622533?
2
What is the thousands digit of 2139996043?
6
What is the thousands digit of 100392084?
2
What is the ten thousands digit of 3394234711?
3
What is the ten millions digit of 39538219?
3
What is the ten thousands digit of 79471698?
7
What is the millions digit of 58728651?
8
What is the hundred thousands digit of 291804795?
8
What is the thousands digit of 396408815?
8
What is the tens digit of 47395326?
2
What is the hundreds digit of 1968193047?
0
What is the ten millions digit of 717662087?
1
What is the thousands digit of 53553614?
3
What is the ten millions digit of 21674972?
2
What is the millions digit of 125769054?
5
What is the ten thousands digit of 1836499855?
9
What is the ten millions digit of 599395971?
9
What is the millions digit of 2354346751?
4
What is the millions digit of 310752174?
0
What is the hundred thousands digit of 99825965?
8
What is the units digit of 142123091?
1
What is the tens digit of 89768237?
3
What is the hundred thousands digit of 129808299?
8
What is the billions digit of 3546329024?
3
What is the ten millions digit of 895223981?
9
What is the thousands digit of 258066677?
6
What is the hundred millions digit of 1597480446?
5
What is the hundred millions digit of 1679939380?
6
What is the hundred thousands digit of 104464565?
4
What is the billions digit of 3364869264?
3
What is the hundred thousands digit of 88810877?
8
What is the ten millions digit of 1238267430?
3
What is the billions digit of 3135361592?
3
What is the units digit of 611731728?
8
What is the hundred millions digit of 137880158?
1
What is the ten thousands digit of 160160959?
6
What is the hundred thousands digit of 35594505?
5
What is the millions digit of 1292456825?
2
What is the ten millions digit of 3100956397?
0
What is the units digit of 4449768061?
1
What is the tens digit of 1630664745?
4
What is the tens digit of 165692887?
8
What is the hundreds digit of 102904537?
5
What is the hundreds digit of 2271731487?
4
What is the millions digit of 796885698?
6
What is the ten thousands digit of 2508640996?
4
What is the thousands digit of 112740041?
0
What is the millions digit of 23550190?
3
What is the millions digit of 214837501?
4
What is the ten thousands digit of 34374395?
7
What is the hundred thousands digit of 1148712176?
7
What is the ten thousands digit of 93130499?
3
What is the ten thousands digit of 5541358975?
5
What is the tens digit of 25243153?
5
What is the millio